e h(-7).
-22
Let z(s) = -2*s**3 + 176*s**2 - 1690*s - 49. Calculate z(11).
-5
Let u(l) = 5*l**2 - 42*l + 85. Give u(2).
21
Let t(f) = -223*f - 438. Calculate t(-2).
8
Let f(d) = -165*d**3 + d**2 - 3. Determine f(1).
-167
Let a(r) = 27*r - 172. Give a(17).
287
Let u(l) = -2*l**3 - 34*l**2 + 10*l + 174. Calculate u(-17).
4
Let q(p) = -7*p**3 + 3*p**2 + 5*p + 8. Calculate q(-2).
66
Let v(w) = -w**2 - 45*w - 150. Calculate v(-43).
-64
Let y(d) = -d**2 + 67*d + 1032. Give y(80).
-8
Let f(d) = -29*d - 312. Determine f(-17).
181
Let v(l) = 3*l**2 - 71*l - 360. What is v(28)?
4
Let r(w) = 9*w**2 - 18*w - 18. What is r(3)?
9
Let g(t) = -90*t**2 - 5*t - 13. Calculate g(-2).
-363
Let p(a) = 3*a**3 - 13*a**2 + 6*a + 3. What is p(0)?
3
Let b(c) = -13*c - 298. Calculate b(-19).
-51
Let o(g) = g**3 - 5*g**2 - 55*g + 54. Calculate o(-6).
-12
Let i(t) = -11*t**2 - 70*t + 118. Give i(-8).
-26
Let f(p) = 2*p - 12. Give f(45).
78
Let l(p) = 38*p + 1074. Give l(-30).
-66
Let g(u) = -52*u + 690. What is g(9)?
222
Let k(j) = -j**3 - 55*j**2 - 166*j - 501. Calculate k(-52).
19
Let x(c) = -2*c**2 + 132*c - 494. Give x(4).
2
Let x(m) = 308*m - 12630. Determine x(41).
-2
Let q(b) = -b**3 - 7*b**2 + 6*b + 104. Give q(-7).
62
Let n(g) = 2*g**2 + 116*g - 2564. Give n(-75).
-14
Let j(n) = -55*n + 506. Calculate j(9).
11
Let p(b) = 3*b**2 - 90*b - 1518. Give p(42).
-6
Let k(v) = v**2 + v - 8. Determine k(-2).
-6
Let r(z) = -z**3 - 31*z**2 - 94*z - 253. Calculate r(-28).
27
Let x(k) = -2*k**3 + 39*k**2 - 94*k - 6. Give x(3).
9
Let a(x) = -22*x**2 - 433*x + 139. Calculate a(-20).
-1
Let u(a) = -5*a - 117. What is u(-24)?
3
Let x(t) = 10*t + 8. What is x(-9)?
-82
Let x(z) = z**3 - 17*z**2 + 27*z - 104. Give x(16).
72
Let t(c) = -2*c**3 + 17*c**2 + 2*c + 64. What is t(9)?
1
Let u(s) = s**3 - 6*s**2 - 19. What is u(6)?
-19
Let s(q) = 2*q**2 - 31*q - 508. What is s(-10)?
2
Let g(r) = 3*r**3 - 3*r**2 - 4*r - 6. Give g(-4).
-230
Let b(g) = -1360*g + 36736. What is b(27)?
16
Let r(b) = 67*b + 514. Calculate r(-9).
-89
Let h(a) = a**2 - 251*a - 13657. What is h(-46)?
5
Let z(o) = o**2 - 41*o. Give z(42).
42
Let a(v) = -v**2 - 30*v - 65. Determine a(-11).
144
Let m(j) = -j**3 + 20*j**2 + 61*j - 388. Determine m(22).
-14
Let z(x) = -12*x**2 - 10*x - 60. What is z(-4)?
-212
Let s(y) = -2*y**2 + 888*y + 7181. Calculate s(-8).
-51
Let o(b) = 263*b - 27. Give o(1).
236
Let i(a) = -98*a - 1. Calculate i(3).
-295
Let f(t) = 101*t - 1723. Calculate f(17).
-6
Let k(c) = 16*c**2 - 8*c + 8. Calculate k(8).
968
Let y(g) = 17*g**2 - 135*g - 9. Determine y(8).
-1
Let o(m) = -46*m - 83. What is o(3)?
-221
Let q(k) = 464*k + 62632. Give q(-135).
-8
Let p(s) = -1928*s - 104109. Determine p(-54).
3
Let h(k) = -4*k**2 + 19*k + 45. What is h(-2)?
-9
Let n(p) = 22*p - 199. What is n(8)?
-23
Let z(b) = 12*b + 52. Calculate z(-18).
-164
Let o(z) = 10*z - 229. Calculate o(20).
-29
Let d(k) = 2*k**2 + 160*k - 107. Give d(-81).
55
Let k(l) = -8*l + 71. Calculate k(-2).
87
Let a(y) = -225*y + 1463. What is a(7)?
-112
Let p(x) = 11*x**2 + 98*x + 31. Determine p(-9).
40
Let f(s) = s**3 + 16*s**2 + 51*s + 33. What is f(-12)?
-3
Let c(s) = -5*s**2 - 31*s + 132. Calculate c(3).
-6
Let f(v) = -6*v**2 + 11*v + 32. Calculate f(-3).
-55
Let t(l) = -2*l**3 + 192*l**2 + 191*l + 311. What is t(97)?
20
Let k(r) = 11*r**2 + 73*r + 36. Calculate k(-6).
-6
Let f(z) = 74*z - 10102. Calculate f(135).
-112
Let o(r) = r**3 - 5*r**2 - 34*r - 27. Calculate o(9).
-9
Let l(z) = -4*z**2 + 32*z + 7. Calculate l(7).
35
Let t(q) = 646*q - 52334. Determine t(81).
-8
Let z(g) = 464*g**3 - 2*g**2 + 2*g + 3. Determine z(-1).
-465
Let n(f) = 9*f**2 - 58*f - 23. Determine n(8).
89
Let g(o) = -35*o + 885. Calculate g(27).
-60
Let y(x) = -x**2 + 75*x + 15378. Give y(-92).
14
Let n(f) = -f**3 - 13*f**2 + 92*f - 5. Calculate n(5).
5
Let a(h) = -138*h + 4422. Give a(32).
6
Let c(u) = u**3 - u**2 - 9*u + 14. Give c(5).
69
Let w(f) = f**2 + 967*f - 4865. Give w(5).
-5
Let a(m) = -3*m**3 - 7*m**2 - 18*m + 4. Calculate a(-4).
156
Let h(r) = -r**2 - 6*r - 12. What is h(0)?
-12
Let b(q) = -q**3 - 18*q**2 + 67*q + 99. Give b(-21).
15
Let q(c) = 2*c**2 - 73*c + 508. What is q(7)?
95
Let p(l) = 33*l + 809. Give p(-19).
182
Let m(j) = j**3 + 53*j**2 + 51*j - 95. What is m(-52)?
-43
Let i(n) = 4*n**2 - 102*n - 59. What is i(26)?
-7
Let f(j) = -8*j**3 + 2*j**2 - j. Give f(2).
-58
Let z(l) = -21*l - 871. Calculate z(-40).
-31
Let s(f) = 18*f**2 + 2*f + 261. Determine s(0).
261
Let b(w) = -2*w**3 + 17*w**2 - 44*w + 73. Calculate b(7).
-88
Let v(z) = -17*z**3 - 52*z**2 - 2*z - 3. Give v(-3).
-6
Let v(y) = 2*y**2 + 276*y - 4282. What is v(-152)?
-26
Let b(a) = 27*a**2 + 1460*a + 62. Calculate b(-54).
-46
Let l(m) = 19*m + 202. Determine l(-9).
31
Let i(p) = p**2 - 111*p - 1000. Calculate i(-8).
-48
Let h(u) = -2*u**2 + 27*u - 131. Determine h(18).
-293
Let i(n) = -5*n**2 - 1459*n + 4377. Give i(3).
-45
Let u(b) = -b**3 - 21*b**2 - 24*b - 72. Calculate u(-20).
8
Let s(f) = 2*f**3 - 8*f**2 - 12*f + 44. Calculate s(6).
116
Let l(b) = -b**2 - 33*b - 135. Calculate l(-28).
5
Let t(h) = 4*h**2 - 45*h + 81. Give t(8).
-23
Let f(m) = -2*m**2 - 20*m + 76. Calculate f(3).
-2
Let j(n) = -n**3 - 9*n**2 - 641*n - 1873. What is j(-3)?
-4
Let k(p) = -p**3 + 37*p**2 - p - 2430. Determine k(35).
-15
Let q(y) = 25*y**2 + 1028*y + 136. Determine q(-41).
13
Let r(x) = 1055*x - 12657. Give r(12).
3
Let b(d) = 2*d**3 + 61*d**2 + 72*d + 1269. Give b(-30).
9
Let m(a) = -2*a**2 + 14*a - 8. Determine m(7).
-8
Let t(i) = -i**3 + 4*i**2 + 7*i - 70. Give t(6).
-100
Let x(c) = 2067*c + 18595. Determine x(-9).
-8
Let u(f) = -f**2 - 896*f - 6223. Calculate u(-7).
0
Let h(w) = 2*w**2 - 596*w + 36204. Calculate h(85).
-6
Let m(s) = -s**2 - 141*s - 832. What is m(-6)?
-22
Let c(d) = -4*d**2 - 93*d + 81. Calculate c(-24).
9
Let x(c) = -c**3 - 27*c**2 - 177*c + 35. Give x(-12).
-1
Let d(p) = -p**3 + 5*p**2 - 14*p + 26. Determine d(4).
-14
Let d(i) = -i**3 - 38*i**2 + 269*i + 227. What is d(-44)?
7
Let g(a) = 44*a**3 - 570*a**2 - 11*a - 194. Calculate g(13).
1
Let m(j) = -33*j**3 + 2*j**2 - j - 2. What is m(-1)?
34
Let r(c) = 3*c**2 + 7112*c - 14222. Determine r(2).
14
Let c(j) = j**2 + 15*j + 101. Calculate c(-9).
47
Let i(u) = u**3 + 6*u**2 - u + 11. Give i(-8).
-109
Let i(x) = 20*x**2 - 57*x + 16. Give i(3).
25
Let n(r) = -r**3 + 2*r - 3. Determine n(-5).
112
Let x(t) = 70*t + 2022. What is x(-29)?
-8
Let b(o) = -19*o - 171. Calculate b(-10).
19
Let s(b) = b**3 - 5*b**2 + 5*b - 10. What is s(6)?
56
Let g(r) = -347*r - 2774. What is g(-8)?
2
Let j(g) = -46*g - 905. Give j(-20).
15
Let x(q) = 12*q**2 - 460*q + 154. Calculate x(38).
2
Let c(l) = -2*l**3 + 135*l**2 + 652*l - 287. Give c(72).
1
Let u(b) = b**3 + 23*b**2 - 482*b + 44. Determine u(-36).
548
Let r(z) = 4*z**2 - 54*z + 34. What is r(12)?
-38
Let p(f) = f**3 - 30*f**2 - 50*f - 392. Calculate p(32).
56
Let k(v) = -v**2 + 11*v - 15. What is k(7)?
13
Let t(a) = -1322*a - 15858. Calculate t(-12).
6
Let a(t) = -47*t**3 + 10*t**2 - 12*t + 2. Calculate a(1).
-47
Let n(a) = -82*a - 443. Determine n(-6).
49
Let z(p) = 361*p + 3242. Determine z(-9).
-7
Let d(b) = -50*b**2 - 483*b - 48. Calculate d(-9).
249
Let d(c) = c**2 + 142*c + 1723. Give d(-15).
-182
Let p(c) = 452*c**2 + 21*c + 20. Calculate p(-1).
451
Let x(k) = -2*k**3 - 374*k**2 - 1465*k - 203. Calculate x(-183).
-20
Let o(z) = 88*z + 1494. What is o(-17)?
-2
Let k(d) = -37*d**2 + 751*d - 881. What is k(19)?
31
Let o(d) = -d**2 - 60*d + 1. Determine o(-60).
1
Let u(h) = 7*h**3 - h**2 + 30*h + 83. Calculate u(-4).
-501
Let g(y) = y**2 - 25*y - 67. What is g(27)?
-13
Let i(w) = -43*w - 442. What is i(-14)?
160
Let p(n) = -172*n - 182. Give p(-1).
-10
Let q(n) = 6*n**3 + 10*n**2 + 3*n - 29. Determine q(2).
65
Let w(k) = 5*k**2 - 17*k + 42. Determine w(7).
168
Let q(l) = -l**2 + 486*l - 7777. What is q(16)?
-257
Let w(q) = -10*q - 134. Give w(21).
-344
Let s(q) = -73*q - 933. Calculate s(-16).
235
Let r(f) = 24929*f - 149565. Determine r(6).
9
Let g(m) = 28*m - 89. Calculate g(3).
-5
Let k(j) = 57*j - 165. Calculate k(17).
804
Let r(j) = 2*j**3 + 2*j**2 + 82*j - 314. Calculate r(3).
4
Let z(o) = -129*o**2 + 155*o + 1. Determine z(1).
27
Let k(p) = -p**2 - 49*p - 47. Calculate k(-1).
1
Let k(i)